{"id":16360,"date":"2016-07-26T14:34:27","date_gmt":"2016-07-26T12:34:27","guid":{"rendered":"https:\/\/www.ilsen-gmbh.de\/fr\/?page_id=16360"},"modified":"2018-06-21T14:58:53","modified_gmt":"2018-06-21T12:58:53","slug":"notre-promesse-de-qualite","status":"publish","type":"page","link":"https:\/\/www.ilsen-gmbh.de\/fr\/notre-promesse-de-qualite\/","title":{"rendered":"Notre promesse de qualit\u00e9"},"content":{"rendered":"<div class=\"fusion-fullwidth fullwidth-box fusion-builder-row-1 nonhundred-percent-fullwidth non-hundred-percent-height-scrolling\" style=\"background-color: rgba(255,255,255,0);background-position: left top;background-repeat: no-repeat;padding-top:20px;padding-right:0px;padding-bottom:20px;padding-left:0px;margin-bottom: 0px;margin-top: 0px;border-width: 0px 0px 0px 0px;border-color:#eae9e9;border-style:solid;\" ><div class=\"fusion-builder-row fusion-row\"><div class=\"fusion-layout-column fusion_builder_column fusion-builder-column-0 fusion_builder_column_1_1 1_1 fusion-one-full fusion-column-first fusion-column-last fusion-column-no-min-height\" style=\"margin-top:0px;margin-bottom:0px;\"><div class=\"fusion-column-wrapper fusion-flex-column-wrapper-legacy\" style=\"background-position:left top;background-repeat:no-repeat;-webkit-background-size:cover;-moz-background-size:cover;-o-background-size:cover;background-size:cover;padding: 0px 0px 0px 0px;\"><div class=\"fusion-text fusion-text-1\"><h1>Notre promesse de qualit\u00e9<\/h1>\n<h2>Un emballage parfait de vos produits<\/h2>\n<p>Notre entreprise nous fait prendre conscience de l\u2019importance des responsabilit\u00e9s que nous avons envers nos clients. Le terme \u00ab Qualit\u00e9 \u00bb vaut non seulement pour des produits irr\u00e9prochables, mais aussi pour les processus d\u2019entreprise conformes. Nous consid\u00e9rons comme tr\u00e8s important de g\u00e9rer, contr\u00f4ler et am\u00e9liorer tous les processus afin d\u2019obtenir les meilleurs r\u00e9sultats pour notre client\u00e8le et nous-m\u00eames. L\u2019assurance de la qualit\u00e9 tient chez nous un r\u00f4le crucial. Tout au long du processus de fabrication, les produits sont r\u00e9guli\u00e8rement contr\u00f4l\u00e9s et r\u00e9examin\u00e9s sur la base des sp\u00e9cifications. Afin de fid\u00e9liser notre client\u00e8le sur la dur\u00e9e, notre objectif est de poursuivre notre d\u00e9veloppement. Avec la certification annuelle DIN En ISO 9001:2008, nous nous trouvons sur le banc d\u2019essai afin de garantir en permanence une qualit\u00e9 des r\u00e9sultats \u00e9lev\u00e9e et de renforcer la satisfaction des clients et du personnel. Chaque collaborateur se sent responsable de la qualit\u00e9 et prend par au succ\u00e8s de l\u2019entreprise.<\/p>\n<h3>Hygi\u00e8ne<\/h3>\n<p>Dans la mesure o\u00f9 nous sommes sp\u00e9cialis\u00e9s dans des solutions d\u2019emballage pour l\u2019alimentaire et le non alimentaire, il va de soi que le respect des r\u00e8gles d\u2019hygi\u00e8ne est indispensable. Cela inclut les exigences g\u00e9n\u00e9rales d\u2019hygi\u00e8ne et les mesures op\u00e9rationnelles, les dispositifs et les tests qui sont exig\u00e9s par les r\u00e8glements d\u2019hygi\u00e8ne alimentaire (LMHV en allemand).<br \/>\nAfin de veiller au contr\u00f4le de la gestion de l\u2019hygi\u00e8ne, des inspections d\u2019usine ou \u00ab audits d\u2019hygi\u00e8ne \u00bb sont effectu\u00e9es conform\u00e9ment au concept HACCP et des mesures visant une am\u00e9lioration en continu sont mises en place. Notre personnel est form\u00e9 en permanence sur les r\u00e8gles d\u2019hygi\u00e8ne et s\u2019y implique aussi.<\/p>\n<h3>Durabilit\u00e9<\/h3>\n<p>L\u2019usage parcimonieux des ressources, ainsi qu\u2019une utilisation efficace et durable de l\u2019\u00e9nergie ont toujours \u00e9t\u00e9 d\u2019une grande importance, \u00e0 nos yeux. Notre engagement et notre d\u00e9veloppement continu en la mati\u00e8re se refl\u00e8tent dans la certification ISO 50001:20011 de notre gestion \u00e9nerg\u00e9tique.<\/p>\n<\/div><div class=\"fusion-clearfix\"><\/div><\/div><\/div><\/div><\/div>\n","protected":false},"excerpt":{"rendered":"","protected":false},"author":1,"featured_media":0,"parent":0,"menu_order":0,"comment_status":"open","ping_status":"open","template":"","meta":[],"_links":{"self":[{"href":"https:\/\/www.ilsen-gmbh.de\/fr\/wp-json\/wp\/v2\/pages\/16360"}],"collection":[{"href":"https:\/\/www.ilsen-gmbh.de\/fr\/wp-json\/wp\/v2\/pages"}],"about":[{"href":"https:\/\/www.ilsen-gmbh.de\/fr\/wp-json\/wp\/v2\/types\/page"}],"author":[{"embeddable":true,"href":"https:\/\/www.ilsen-gmbh.de\/fr\/wp-json\/wp\/v2\/users\/1"}],"replies":[{"embeddable":true,"href":"https:\/\/www.ilsen-gmbh.de\/fr\/wp-json\/wp\/v2\/comments?post=16360"}],"version-history":[{"count":0,"href":"https:\/\/www.ilsen-gmbh.de\/fr\/wp-json\/wp\/v2\/pages\/16360\/revisions"}],"wp:attachment":[{"href":"https:\/\/www.ilsen-gmbh.de\/fr\/wp-json\/wp\/v2\/media?parent=16360"}],"curies":[{"name":"wp","href":"https:\/\/api.w.org\/{rel}","templated":true}]}}

Notre promesse de qualité

<div class="fusion-fullwidth fullwidth-box fusion-builder-row-1 nonhundred-percent-fullwidth non-hundred-percent-height-scrolling" style="background-color: rgba(255,255,255,0);background-position: left top;background-repeat: no-repeat;padding-top:20px;padding-right:0px;padding-bottom:20px;padding-left:0px;margin-bottom: 0px;margin-top: 0px;border-width: 0px 0px 0px 0px;border-color:#eae9e9;border-style:solid;" ><div class="fusion-builder-row fusion-row"><div class="fusion-layout-column fusion_builder_column fusion-builder-column-0 fusion_builder_column_1_1 1_1 fusion-one-full fusion-column-first fusion-column-last fusion-column-no-min-height" style="margin-top:0px;margin-bottom:0px;"><div class="fusion-column-wrapper fusion-flex-column-wrapper-legacy" style="background-position:left top;background-repeat:no-repeat;-webkit-background-size:cover;-moz-background-size:cover;-o-background-size:cover;background-size:cover;padding: 0px 0px 0px 0px;"><div class="fusion-text fusion-text-1"><h1>Notre promesse de qualité</h1>
<h2>Un emballage parfait de vos produits</h2>
<p>Notre entreprise nous fait prendre conscience de l’importance des responsabilités que nous avons envers nos clients. Le terme « Qualité » vaut non seulement pour des produits irréprochables, mais aussi pour les processus d’entreprise conformes. Nous considérons comme très important de gérer, contrôler et améliorer tous les processus afin d’obtenir les meilleurs résultats pour notre clientèle et nous-mêmes. L’assurance de la qualité tient chez nous un rôle crucial. Tout au long du processus de fabrication, les produits sont régulièrement contrôlés et réexaminés sur la base des spécifications. Afin de fidéliser notre clientèle sur la durée, notre objectif est de poursuivre notre développement. Avec la certification annuelle DIN En ISO 9001:2008, nous nous trouvons sur le banc d’essai afin de garantir en permanence une qualité des résultats élevée et de renforcer la satisfaction des clients et du personnel. Chaque collaborateur se sent responsable de la qualité et prend par au succès de l’entreprise.</p>
<h3>Hygiène</h3>
<p>Dans la mesure où nous sommes spécialisés dans des solutions d’emballage pour l’alimentaire et le non alimentaire, il va de soi que le respect des règles d’hygiène est indispensable. Cela inclut les exigences générales d’hygiène et les mesures opérationnelles, les dispositifs et les tests qui sont exigés par les règlements d’hygiène alimentaire (LMHV en allemand).<br />
Afin de veiller au contrôle de la gestion de l’hygiène, des inspections d’usine ou « audits d’hygiène » sont effectuées conformément au concept HACCP et des mesures visant une amélioration en continu sont mises en place. Notre personnel est formé en permanence sur les règles d’hygiène et s’y implique aussi.</p>
<h3>Durabilité</h3>
<p>L’usage parcimonieux des ressources, ainsi qu’une utilisation efficace et durable de l’énergie ont toujours été d’une grande importance, à nos yeux. Notre engagement et notre développement continu en la matière se reflètent dans la certification ISO 50001:20011 de notre gestion énergétique.</p>
</div><div class="fusion-clearfix"></div></div></div></div></div>
