{"id":16401,"date":"2016-07-27T13:04:06","date_gmt":"2016-07-27T11:04:06","guid":{"rendered":"https:\/\/www.ilsen-gmbh.de\/fr\/?page_id=16401"},"modified":"2021-08-30T11:47:08","modified_gmt":"2021-08-30T09:47:08","slug":"empreinte","status":"publish","type":"page","link":"https:\/\/www.ilsen-gmbh.de\/fr\/empreinte\/","title":{"rendered":"Empreinte"},"content":{"rendered":"<div class=\"fusion-fullwidth fullwidth-box fusion-builder-row-1 nonhundred-percent-fullwidth non-hundred-percent-height-scrolling\" style=\"background-color: rgba(255,255,255,0);background-position: left top;background-repeat: no-repeat;padding-top:20px;padding-right:0px;padding-bottom:20px;padding-left:0px;margin-bottom: 0px;margin-top: 0px;border-width: 0px 0px 0px 0px;border-color:#eae9e9;border-style:solid;\" ><div class=\"fusion-builder-row fusion-row\"><div class=\"fusion-layout-column fusion_builder_column fusion-builder-column-0 fusion_builder_column_1_1 1_1 fusion-one-full fusion-column-first fusion-column-last fusion-column-no-min-height\" style=\"margin-top:0px;margin-bottom:0px;\"><div class=\"fusion-column-wrapper fusion-flex-column-wrapper-legacy\" style=\"background-position:left top;background-repeat:no-repeat;-webkit-background-size:cover;-moz-background-size:cover;-o-background-size:cover;background-size:cover;padding: 0px 0px 0px 0px;\"><div class=\"fusion-text fusion-text-1\"><h1>Empreinte<\/h1>\n<p>Gerhard Ilsen GmbH &amp; Co. KG<br \/>\nIndustriestra\u00dfe 9- 10<br \/>\n33161 H\u00f6velhof<\/p>\n<p>T\u00e9l\u00e9phone: 05257\/98 54-0<br \/>\nFax: 05257\/ 6638<br \/>\nE-Mail: info@ilsen-gmbh.de<\/p>\n<p>CEO:<br \/>\nAdrian Schnell<\/p>\n<p>Comp\u00e9tence:<br \/>\nPaderborn<\/p>\n<p>Soci\u00e9t\u00e9 Num\u00e9ro d&rsquo;identification:<br \/>\nHRB 6494 Amtsgericht Paderborn<\/p>\n<p>ID de la taxe de vente:<br \/>\nDE 126 320 272<\/p>\n<p>Responsable du contenu:<br \/>\nAdrian Schnell<\/p>\n<p>Conception et r\u00e9alisation:<br \/>\n<a href=\"http:\/\/www.a-z-mediendesign.de\" target=\"_blank\" rel=\"noopener\">az mediendesign<\/a><\/p>\n<\/div><div class=\"fusion-clearfix\"><\/div><\/div><\/div><\/div><\/div>\n","protected":false},"excerpt":{"rendered":"","protected":false},"author":1,"featured_media":0,"parent":0,"menu_order":0,"comment_status":"open","ping_status":"open","template":"","meta":[],"_links":{"self":[{"href":"https:\/\/www.ilsen-gmbh.de\/fr\/wp-json\/wp\/v2\/pages\/16401"}],"collection":[{"href":"https:\/\/www.ilsen-gmbh.de\/fr\/wp-json\/wp\/v2\/pages"}],"about":[{"href":"https:\/\/www.ilsen-gmbh.de\/fr\/wp-json\/wp\/v2\/types\/page"}],"author":[{"embeddable":true,"href":"https:\/\/www.ilsen-gmbh.de\/fr\/wp-json\/wp\/v2\/users\/1"}],"replies":[{"embeddable":true,"href":"https:\/\/www.ilsen-gmbh.de\/fr\/wp-json\/wp\/v2\/comments?post=16401"}],"version-history":[{"count":0,"href":"https:\/\/www.ilsen-gmbh.de\/fr\/wp-json\/wp\/v2\/pages\/16401\/revisions"}],"wp:attachment":[{"href":"https:\/\/www.ilsen-gmbh.de\/fr\/wp-json\/wp\/v2\/media?parent=16401"}],"curies":[{"name":"wp","href":"https:\/\/api.w.org\/{rel}","templated":true}]}}

<div class="fusion-fullwidth fullwidth-box fusion-builder-row-1 nonhundred-percent-fullwidth non-hundred-percent-height-scrolling" style="background-color: rgba(255,255,255,0);background-position: left top;background-repeat: no-repeat;padding-top:20px;padding-right:0px;padding-bottom:20px;padding-left:0px;margin-bottom: 0px;margin-top: 0px;border-width: 0px 0px 0px 0px;border-color:#eae9e9;border-style:solid;" ><div class="fusion-builder-row fusion-row"><div class="fusion-layout-column fusion_builder_column fusion-builder-column-0 fusion_builder_column_1_1 1_1 fusion-one-full fusion-column-first fusion-column-last fusion-column-no-min-height" style="margin-top:0px;margin-bottom:0px;"><div class="fusion-column-wrapper fusion-flex-column-wrapper-legacy" style="background-position:left top;background-repeat:no-repeat;-webkit-background-size:cover;-moz-background-size:cover;-o-background-size:cover;background-size:cover;padding: 0px 0px 0px 0px;"><div class="fusion-text fusion-text-1"><h1>Empreinte</h1>
<p>Gerhard Ilsen GmbH &amp; Co. KG<br />
Industriestraße 9- 10<br />
33161 Hövelhof</p>
<p>Téléphone: 05257/98 54-0<br />
Fax: 05257/ 6638<br />
E-Mail: info@ilsen-gmbh.de</p>
<p>CEO:<br />
Adrian Schnell</p>
<p>Compétence:<br />
Paderborn</p>
<p>Société Numéro d&rsquo;identification:<br />
HRB 6494 Amtsgericht Paderborn</p>
<p>ID de la taxe de vente:<br />
DE 126 320 272</p>
<p>Responsable du contenu:<br />
Adrian Schnell</p>
<p>Conception et réalisation:<br />
<a href="http://www.a-z-mediendesign.de" target="_blank" rel="noopener">az mediendesign</a></p>
</div><div class="fusion-clearfix"></div></div></div></div></div>
